{"id":2,"date":"2018-01-20T20:59:17","date_gmt":"2018-01-20T19:59:17","guid":{"rendered":"http:\/\/bascaran.com\/victorbaskran\/?page_id=2"},"modified":"2025-02-03T19:24:02","modified_gmt":"2025-02-03T18:24:02","slug":"aboutme","status":"publish","type":"page","link":"https:\/\/bascaran.com\/victorbaskran\/aboutme\/","title":{"rendered":"About me"},"content":{"rendered":"\t\t<div data-elementor-type=\"wp-page\" data-elementor-id=\"2\" class=\"elementor elementor-2\">\n\t\t\t\t\t\t<section class=\"elementor-section elementor-top-section elementor-element elementor-element-6f818bd elementor-section-boxed elementor-section-height-default elementor-section-height-default\" data-id=\"6f818bd\" data-element_type=\"section\" data-e-type=\"section\">\n\t\t\t\t\t\t<div class=\"elementor-container elementor-column-gap-default\">\n\t\t\t\t\t<div class=\"elementor-column elementor-col-100 elementor-top-column elementor-element elementor-element-ca9e30b\" data-id=\"ca9e30b\" data-element_type=\"column\" data-e-type=\"column\">\n\t\t\t<div class=\"elementor-widget-wrap elementor-element-populated\">\n\t\t\t\t\t\t<div class=\"elementor-element elementor-element-8ade265 elementor-widget elementor-widget-spacer\" data-id=\"8ade265\" data-element_type=\"widget\" data-e-type=\"widget\" data-widget_type=\"spacer.default\">\n\t\t\t\t<div class=\"elementor-widget-container\">\n\t\t\t\t\t\t\t<div class=\"elementor-spacer\">\n\t\t\t<div class=\"elementor-spacer-inner\"><\/div>\n\t\t<\/div>\n\t\t\t\t\t\t<\/div>\n\t\t\t\t<\/div>\n\t\t\t\t\t<\/div>\n\t\t<\/div>\n\t\t\t\t\t<\/div>\n\t\t<\/section>\n\t\t\t\t<section class=\"elementor-section elementor-top-section elementor-element elementor-element-4b55608 elementor-section-boxed elementor-section-height-default elementor-section-height-default\" data-id=\"4b55608\" data-element_type=\"section\" data-e-type=\"section\">\n\t\t\t\t\t\t<div class=\"elementor-container elementor-column-gap-default\">\n\t\t\t\t\t<div class=\"elementor-column elementor-col-100 elementor-top-column elementor-element elementor-element-adeea1a\" data-id=\"adeea1a\" data-element_type=\"column\" data-e-type=\"column\">\n\t\t\t<div class=\"elementor-widget-wrap elementor-element-populated\">\n\t\t\t\t\t\t<div class=\"elementor-element elementor-element-0263d56 elementor-widget elementor-widget-image\" data-id=\"0263d56\" data-element_type=\"widget\" data-e-type=\"widget\" data-widget_type=\"image.default\">\n\t\t\t\t<div class=\"elementor-widget-container\">\n\t\t\t\t\t\t\t\t\t\t\t\t\t\t\t<img fetchpriority=\"high\" decoding=\"async\" width=\"790\" height=\"527\" src=\"https:\/\/bascaran.com\/victorbaskran\/wp-content\/uploads\/2024\/12\/R8A1695-copia-1600x1067.jpg\" class=\"attachment-large size-large wp-image-4081\" alt=\"\" srcset=\"https:\/\/bascaran.com\/victorbaskran\/wp-content\/uploads\/2024\/12\/R8A1695-copia.jpg 1600w, https:\/\/bascaran.com\/victorbaskran\/wp-content\/uploads\/2024\/12\/R8A1695-copia-300x200.jpg 300w, https:\/\/bascaran.com\/victorbaskran\/wp-content\/uploads\/2024\/12\/R8A1695-copia-768x512.jpg 768w, https:\/\/bascaran.com\/victorbaskran\/wp-content\/uploads\/2024\/12\/R8A1695-copia-1536x1024.jpg 1536w\" sizes=\"(max-width: 790px) 100vw, 790px\" \/>\t\t\t\t\t\t\t\t\t\t\t\t\t\t\t<\/div>\n\t\t\t\t<\/div>\n\t\t\t\t\t<\/div>\n\t\t<\/div>\n\t\t\t\t\t<\/div>\n\t\t<\/section>\n\t\t\t\t<section class=\"elementor-section elementor-top-section elementor-element elementor-element-186a3d7 elementor-section-boxed elementor-section-height-default elementor-section-height-default\" data-id=\"186a3d7\" data-element_type=\"section\" data-e-type=\"section\">\n\t\t\t\t\t\t<div class=\"elementor-container elementor-column-gap-default\">\n\t\t\t\t\t<div class=\"elementor-column elementor-col-100 elementor-top-column elementor-element elementor-element-c4f5393\" data-id=\"c4f5393\" data-element_type=\"column\" data-e-type=\"column\">\n\t\t\t<div class=\"elementor-widget-wrap elementor-element-populated\">\n\t\t\t\t\t\t<div class=\"elementor-element elementor-element-144c5b9 elementor-widget elementor-widget-image\" data-id=\"144c5b9\" data-element_type=\"widget\" data-e-type=\"widget\" data-widget_type=\"image.default\">\n\t\t\t\t<div class=\"elementor-widget-container\">\n\t\t\t\t\t\t\t\t\t\t\t\t\t\t\t<img decoding=\"async\" width=\"790\" height=\"527\" src=\"https:\/\/bascaran.com\/victorbaskran\/wp-content\/uploads\/2025\/02\/R8A9747-1-1600x1067.jpg\" class=\"attachment-large size-large wp-image-4313\" alt=\"\" srcset=\"https:\/\/bascaran.com\/victorbaskran\/wp-content\/uploads\/2025\/02\/R8A9747-1-1600x1067.jpg 1600w, https:\/\/bascaran.com\/victorbaskran\/wp-content\/uploads\/2025\/02\/R8A9747-1-300x200.jpg 300w, https:\/\/bascaran.com\/victorbaskran\/wp-content\/uploads\/2025\/02\/R8A9747-1-768x512.jpg 768w, https:\/\/bascaran.com\/victorbaskran\/wp-content\/uploads\/2025\/02\/R8A9747-1-1536x1024.jpg 1536w, https:\/\/bascaran.com\/victorbaskran\/wp-content\/uploads\/2025\/02\/R8A9747-1-2048x1365.jpg 2048w\" sizes=\"(max-width: 790px) 100vw, 790px\" \/>\t\t\t\t\t\t\t\t\t\t\t\t\t\t\t<\/div>\n\t\t\t\t<\/div>\n\t\t\t\t\t<\/div>\n\t\t<\/div>\n\t\t\t\t\t<\/div>\n\t\t<\/section>\n\t\t\t\t<section class=\"elementor-section elementor-top-section elementor-element elementor-element-7fdcd2c elementor-section-boxed elementor-section-height-default elementor-section-height-default\" data-id=\"7fdcd2c\" data-element_type=\"section\" data-e-type=\"section\">\n\t\t\t\t\t\t<div class=\"elementor-container elementor-column-gap-default\">\n\t\t\t\t\t<div class=\"elementor-column elementor-col-100 elementor-top-column elementor-element elementor-element-eb5f273\" data-id=\"eb5f273\" data-element_type=\"column\" data-e-type=\"column\">\n\t\t\t<div class=\"elementor-widget-wrap elementor-element-populated\">\n\t\t\t\t\t\t<div class=\"elementor-element elementor-element-39af735 elementor-widget elementor-widget-image\" data-id=\"39af735\" data-element_type=\"widget\" data-e-type=\"widget\" data-widget_type=\"image.default\">\n\t\t\t\t<div class=\"elementor-widget-container\">\n\t\t\t\t\t\t\t\t\t\t\t\t\t\t\t<img decoding=\"async\" width=\"790\" height=\"527\" src=\"https:\/\/bascaran.com\/victorbaskran\/wp-content\/uploads\/2025\/02\/R8A9991-1600x1067.jpg\" class=\"attachment-large size-large wp-image-4254\" alt=\"\" srcset=\"https:\/\/bascaran.com\/victorbaskran\/wp-content\/uploads\/2025\/02\/R8A9991.jpg 1600w, https:\/\/bascaran.com\/victorbaskran\/wp-content\/uploads\/2025\/02\/R8A9991-300x200.jpg 300w, https:\/\/bascaran.com\/victorbaskran\/wp-content\/uploads\/2025\/02\/R8A9991-768x512.jpg 768w, https:\/\/bascaran.com\/victorbaskran\/wp-content\/uploads\/2025\/02\/R8A9991-1536x1024.jpg 1536w\" sizes=\"(max-width: 790px) 100vw, 790px\" \/>\t\t\t\t\t\t\t\t\t\t\t\t\t\t\t<\/div>\n\t\t\t\t<\/div>\n\t\t\t\t\t<\/div>\n\t\t<\/div>\n\t\t\t\t\t<\/div>\n\t\t<\/section>\n\t\t\t\t<section class=\"elementor-section elementor-top-section elementor-element elementor-element-f686968 elementor-section-boxed elementor-section-height-default elementor-section-height-default\" data-id=\"f686968\" data-element_type=\"section\" data-e-type=\"section\">\n\t\t\t\t\t\t<div class=\"elementor-container elementor-column-gap-default\">\n\t\t\t\t\t<div class=\"elementor-column elementor-col-100 elementor-top-column elementor-element elementor-element-6b6edba\" data-id=\"6b6edba\" data-element_type=\"column\" data-e-type=\"column\">\n\t\t\t<div class=\"elementor-widget-wrap elementor-element-populated\">\n\t\t\t\t\t\t<div class=\"elementor-element elementor-element-69017fe elementor-widget elementor-widget-image\" data-id=\"69017fe\" data-element_type=\"widget\" data-e-type=\"widget\" data-widget_type=\"image.default\">\n\t\t\t\t<div class=\"elementor-widget-container\">\n\t\t\t\t\t\t\t\t\t\t\t\t\t\t\t<img loading=\"lazy\" decoding=\"async\" width=\"790\" height=\"527\" src=\"https:\/\/bascaran.com\/victorbaskran\/wp-content\/uploads\/2025\/02\/R8A9896-1600x1067.jpg\" class=\"attachment-large size-large wp-image-4318\" alt=\"\" srcset=\"https:\/\/bascaran.com\/victorbaskran\/wp-content\/uploads\/2025\/02\/R8A9896.jpg 1600w, https:\/\/bascaran.com\/victorbaskran\/wp-content\/uploads\/2025\/02\/R8A9896-300x200.jpg 300w, https:\/\/bascaran.com\/victorbaskran\/wp-content\/uploads\/2025\/02\/R8A9896-768x512.jpg 768w, https:\/\/bascaran.com\/victorbaskran\/wp-content\/uploads\/2025\/02\/R8A9896-1536x1024.jpg 1536w\" sizes=\"(max-width: 790px) 100vw, 790px\" \/>\t\t\t\t\t\t\t\t\t\t\t\t\t\t\t<\/div>\n\t\t\t\t<\/div>\n\t\t\t\t\t<\/div>\n\t\t<\/div>\n\t\t\t\t\t<\/div>\n\t\t<\/section>\n\t\t\t\t<section class=\"elementor-section elementor-top-section elementor-element elementor-element-e0c4bb9 elementor-section-boxed elementor-section-height-default elementor-section-height-default\" data-id=\"e0c4bb9\" data-element_type=\"section\" data-e-type=\"section\">\n\t\t\t\t\t\t<div class=\"elementor-container elementor-column-gap-default\">\n\t\t\t\t\t<div class=\"elementor-column elementor-col-100 elementor-top-column elementor-element elementor-element-4cf898a\" data-id=\"4cf898a\" data-element_type=\"column\" data-e-type=\"column\">\n\t\t\t<div class=\"elementor-widget-wrap elementor-element-populated\">\n\t\t\t\t\t\t<div class=\"elementor-element elementor-element-2b33910 elementor-widget elementor-widget-spacer\" data-id=\"2b33910\" data-element_type=\"widget\" data-e-type=\"widget\" data-widget_type=\"spacer.default\">\n\t\t\t\t<div class=\"elementor-widget-container\">\n\t\t\t\t\t\t\t<div class=\"elementor-spacer\">\n\t\t\t<div class=\"elementor-spacer-inner\"><\/div>\n\t\t<\/div>\n\t\t\t\t\t\t<\/div>\n\t\t\t\t<\/div>\n\t\t\t\t\t<\/div>\n\t\t<\/div>\n\t\t\t\t\t<\/div>\n\t\t<\/section>\n\t\t\t\t<section class=\"elementor-section elementor-top-section elementor-element elementor-element-3390d85 elementor-section-boxed elementor-section-height-default elementor-section-height-default\" data-id=\"3390d85\" data-element_type=\"section\" data-e-type=\"section\">\n\t\t\t\t\t\t<div class=\"elementor-container elementor-column-gap-default\">\n\t\t\t\t\t<div class=\"elementor-column elementor-col-100 elementor-top-column elementor-element elementor-element-fa7b5dc\" data-id=\"fa7b5dc\" data-element_type=\"column\" data-e-type=\"column\">\n\t\t\t<div class=\"elementor-widget-wrap elementor-element-populated\">\n\t\t\t\t\t\t<div class=\"elementor-element elementor-element-8486a49 elementor-widget elementor-widget-text-editor\" data-id=\"8486a49\" data-element_type=\"widget\" data-e-type=\"widget\" data-widget_type=\"text-editor.default\">\n\t\t\t\t<div class=\"elementor-widget-container\">\n\t\t\t\t\t\t\t\t\t<p>Victor Baskran is the pseudonym of the Spanish artist V\u00edctor Bascar\u00e1n. Born in 1977 and originally from Bu\u00f1ol, Valencia. Graduate in Fine Arts from the Polytechnic University of Valencia, specializing in contemporary sculpture. Master in artistic production. He studied music at the La Art\u00edstica de Bu\u00f1ol musical society and also at the conservatory and has a degree in Graphic Design since 1996. Professional photographer since he opened his own studio \u201cBascar\u00e1n Fotografos\u201d in 2013 in the town of Chiva, Valencia. He currently combines his work as a photographer and set designer with that of a music producer and presents himself as an emerging artist in the electronic music scene, daring to address subgenres such as Psy-Trance and Tech house. He defines himself as a very creative person with many curiosities and does not rule out trying other genres in the near future.<\/p>\t\t\t\t\t\t\t\t<\/div>\n\t\t\t\t<\/div>\n\t\t\t\t\t<\/div>\n\t\t<\/div>\n\t\t\t\t\t<\/div>\n\t\t<\/section>\n\t\t\t\t<section class=\"elementor-section elementor-top-section elementor-element elementor-element-7510878 elementor-section-boxed elementor-section-height-default elementor-section-height-default\" data-id=\"7510878\" data-element_type=\"section\" data-e-type=\"section\">\n\t\t\t\t\t\t<div class=\"elementor-container elementor-column-gap-default\">\n\t\t\t\t\t<div class=\"elementor-column elementor-col-100 elementor-top-column elementor-element elementor-element-4544c4f\" data-id=\"4544c4f\" data-element_type=\"column\" data-e-type=\"column\">\n\t\t\t<div class=\"elementor-widget-wrap elementor-element-populated\">\n\t\t\t\t\t\t<div class=\"elementor-element elementor-element-34fa420 elementor-widget elementor-widget-spacer\" data-id=\"34fa420\" data-element_type=\"widget\" data-e-type=\"widget\" data-widget_type=\"spacer.default\">\n\t\t\t\t<div class=\"elementor-widget-container\">\n\t\t\t\t\t\t\t<div class=\"elementor-spacer\">\n\t\t\t<div class=\"elementor-spacer-inner\"><\/div>\n\t\t<\/div>\n\t\t\t\t\t\t<\/div>\n\t\t\t\t<\/div>\n\t\t\t\t\t<\/div>\n\t\t<\/div>\n\t\t\t\t\t<\/div>\n\t\t<\/section>\n\t\t\t\t<\/div>\n\t\t","protected":false},"excerpt":{"rendered":"<p>Victor Baskran is the pseudonym of the Spanish artist V\u00edctor Bascar\u00e1n. Born in 1977 and originally from Bu\u00f1ol, Valencia. Graduate&hellip; <\/p>\n","protected":false},"author":1,"featured_media":0,"parent":0,"menu_order":4,"comment_status":"closed","ping_status":"closed","template":"","meta":{"_coblocks_attr":"","_coblocks_dimensions":"","_coblocks_responsive_height":"","_coblocks_accordion_ie_support":"","footnotes":""},"class_list":["post-2","page","type-page","status-publish","hentry"],"_links":{"self":[{"href":"https:\/\/bascaran.com\/victorbaskran\/wp-json\/wp\/v2\/pages\/2","targetHints":{"allow":["GET"]}}],"collection":[{"href":"https:\/\/bascaran.com\/victorbaskran\/wp-json\/wp\/v2\/pages"}],"about":[{"href":"https:\/\/bascaran.com\/victorbaskran\/wp-json\/wp\/v2\/types\/page"}],"author":[{"embeddable":true,"href":"https:\/\/bascaran.com\/victorbaskran\/wp-json\/wp\/v2\/users\/1"}],"replies":[{"embeddable":true,"href":"https:\/\/bascaran.com\/victorbaskran\/wp-json\/wp\/v2\/comments?post=2"}],"version-history":[{"count":361,"href":"https:\/\/bascaran.com\/victorbaskran\/wp-json\/wp\/v2\/pages\/2\/revisions"}],"predecessor-version":[{"id":4321,"href":"https:\/\/bascaran.com\/victorbaskran\/wp-json\/wp\/v2\/pages\/2\/revisions\/4321"}],"wp:attachment":[{"href":"https:\/\/bascaran.com\/victorbaskran\/wp-json\/wp\/v2\/media?parent=2"}],"curies":[{"name":"wp","href":"https:\/\/api.w.org\/{rel}","templated":true}]}}